divisor of v and k.
37
Let p be (-2 - 4/(-8))/(2/(-4)). Let w be p/(-3)*17 - -4. Let l = 29 + w. Calculate the greatest common divisor of 16 and l.
16
Let z = 2631 + -2582. Calculate the greatest common divisor of z and 35.
7
Let d(k) = 2*k**3 - 20*k**2 + 50*k - 236. Let b be d(9). What is the highest common factor of b and 442?
26
Let k be ((-45)/(-70))/((-12)/(-10178)) + 13/(-52). Calculate the highest common factor of 3052 and k.
109
Suppose 3*b + 5*m - 2*m = 15, b = -5*m - 11. Let o = -6490 - -6715. What is the greatest common factor of o and b?
9
Suppose -27*l = -20*l - 35. Suppose 0 = l*n + 15, -5*n + 8 = 2*k - 97. What is the greatest common divisor of 192 and k?
12
Let a be ((-36)/8)/(9/(-60) - 0). Suppose 81 = 4*n + 2*h - 281, 5*n - 3*h = 447. What is the highest common factor of n and a?
30
Let u = 25838 + -25534. What is the greatest common divisor of 72 and u?
8
Suppose -4*u = -3*s + 97, -2*s - s + 112 = -u. Let p be (8 + -2)*(17 + -4 - 0). What is the greatest common factor of s and p?
39
Suppose 2*p + 6709 = -g, 2*g + 28280 - 11507 = -5*p. Let k be (156/5)/((-122)/p). Calculate the greatest common divisor of k and 78.
78
Let n = 4767 - 4571. Let p = -26 + 82. What is the greatest common factor of p and n?
28
Let q be 192/160*(0 - (-1110)/9). Calculate the greatest common divisor of 296 and q.
148
Let u(x) = x**3 - 4*x**2 + 14*x - 28. Let h be u(5). Calculate the highest common factor of 5963 and h.
67
Let j be 35068/30 - (-102)/1530. Suppose -4*b = k - 1291 - 274, 0 = -3*b + 4*k + j. Calculate the greatest common factor of 46 and b.
23
Let n(r) = -64*r - 80. Let s be n(-12). Let c be (-13)/((-78)/12) + s. Calculate the greatest common divisor of 46 and c.
46
Suppose 50621 = 20*x + 3241. Calculate the highest common factor of 721 and x.
103
Let l be 259 - (1 + 0 - 2). Let h be (-44 - (-500)/15)*(702/4)/(-9). What is the highest common factor of l and h?
52
Let n be (39598/(-52) - 11)/(1/(-2)). Calculate the greatest common divisor of n and 300.
15
Let x = 3127 - -8794. What is the highest common factor of 182 and x?
91
Suppose 0 = o + 3*n - 31 - 8, o - 36 = -4*n. Let i be (1/((-24)/90) - -3)*-96. What is the highest common factor of i and o?
24
Suppose 0 = -12*h + 32 + 76. Suppose v - 6 = -2*x, 4*v - 3*x + 2 = 2*x. Calculate the greatest common divisor of v and h.
1
Let f = 260 + -224. Suppose 23*o - f = 1114. What is the greatest common factor of 70 and o?
10
Let k = 586 - 527. What is the highest common divisor of 472 and k?
59
Let s(r) = -11*r**2 - 25*r - 2. Let u be s(-2). Suppose u*i - 36 = -2*y, y - 2*i - 1 - 1 = 0. What is the greatest common divisor of 40 and y?
10
Let y(o) = 320*o + 11005. Let c be y(-34). What is the highest common divisor of c and 35?
5
Let r be (-5 - -2) + (-1 - 448) + 2. Let f = -445 - r. Calculate the highest common factor of 80 and f.
5
Let i be (15/4)/((-9)/(-24)). Let c = -4 + i. Suppose 114 = 23*b + 68. What is the greatest common divisor of b and c?
2
Let a = 119 - -119. Let y be (-49 + (-255)/(-17))*2/(-8)*2. Calculate the greatest common factor of a and y.
17
Let x be (-806)/(-5) - (11 - 1323/135). Suppose -2*h + 7*h - 50 = 0. What is the highest common divisor of h and x?
10
Let j(m) = -15*m**3 - 6 + 48*m + 14*m**3 + 9*m. Let q be j(5). Calculate the greatest common factor of 14 and q.
14
Let a be 2*((-12)/(-10))/(-3)*5. Let q = 8 - a. Suppose 192 = 2*b - 3*y, 2*b = -0*b + y + 192. Calculate the greatest common factor of q and b.
12
Let v(c) = -7*c - 97. Let z be v(-13). Let a be (-5 - 51/(-6)) + z/(-4). Calculate the greatest common divisor of 5 and a.
5
Suppose 0*v + 3*v = -2*u + 178, 107 = 2*v - u. Let h(k) = 1511*k - 58915. Let c be h(39). What is the highest common divisor of c and v?
14
Suppose -5*w = 5*l - 1845, 384 = w + 3*l - 7*l. Let f be (29/14 - 2)/(37/(-444))*-28. What is the greatest common divisor of f and w?
12
Suppose 240 - 44 = 4*n. Suppose v = n - 40. Let w be (4/(-5))/((-24)/180). Calculate the highest common factor of v and w.
3
Let a = -4805 + 7555. Suppose -5*j + 312 = 3*q - a, -q + 1002 = -3*j. Let v = -673 + q. What is the highest common divisor of v and 31?
31
Suppose 1764 = 206*y - 157*y. Let q(h) = h**2 + 10*h + 10. Let k be q(-9). Suppose t = k + 2, -5*t + 11 = -r. Calculate the highest common divisor of r and y.
4
Let r(z) = z**3 + 4*z**2 - 2*z. Let k be (-12)/(-12) + 1 + 5. Let g be r(k). What is the greatest common factor of g and 150?
75
Suppose 1016 - 286 = 5*p. Suppose -p*b + 141*b = -130. Calculate the greatest common divisor of 26 and b.
26
Let s be (-6)/1*17/(-34). Suppose 0 = t + 3*i + 2*i - 40, 3*t = -s*i + 60. Calculate the highest common divisor of 615 and t.
15
Let g = 27 + -15. Let i = -8 + g. Let o = -395 + 459. Calculate the highest common factor of i and o.
4
Let r = -83 - -86. Suppose 155 = r*f + 146. Suppose -2*v + 451 = 3*j, 2*v = -3*j + f*v + 463. What is the greatest common divisor of 102 and j?
51
Suppose -5*l + 72 = 13*l. Let w be (-2 - 4)/(6/(-3)). Suppose -w*b = 5*i - 375, -l*i = 2*b + 95 - 347. What is the greatest common divisor of 30 and b?
30
Let z = -13344 + 13688. What is the greatest common divisor of 92 and z?
4
Suppose -4*g - a = -242, g - a - 98 + 40 = 0. Let f = 1255 + -1231. What is the greatest common factor of g and f?
12
Suppose y - 272 = 5*n - 27, -923 = -4*y + n. Let x be 2*10*2231/115. Suppose -393*o + 460 = -x*o. Calculate the highest common divisor of o and y.
46
Let a(k) = 49*k + 49. Let r be a(11). Suppose 228 = 8*b - r. Calculate the highest common factor of 34 and b.
34
Let x = -11993 - -12003. Calculate the highest common factor of x and 3545.
5
Let x = 23413 + -15920. What is the highest common factor of 127 and x?
127
Suppose 0 = -686*h + 368102 + 64539 + 179957. Calculate the highest common factor of 564 and h.
47
Let w = 4 + 3. Let g(k) = 12*k**3 + 4*k**2 - k + 5. Let d be g(3). Let o be d/3 + 91/21 + -6. What is the greatest common factor of o and w?
7
Suppose 0 = 8*w - 17*w + 378. Let o = 6 - 0. Let a(q) = 2*q**3 - 11*q**2 - 4*q - 6. Let p be a(o). What is the greatest common factor of p and w?
6
Let a(k) = k**2 - 23*k + 44. Let r be a(21). Suppose -4*l - 240 = -5*f, 98 = r*f + l - 3*l. Calculate the highest common factor of f and 352.
44
Suppose 10*n + 18*n - 980 = 0. Let b be (-1)/5*-5*11. Let i = 3 + b. Calculate the greatest common factor of n and i.
7
Suppose 3*h + 2*b + 9 = 4*h, 0 = -h - 4*b + 3. Let l = 20 + -1. Let d = l + -12. What is the highest common divisor of h and d?
7
Let f(q) = 40*q + 15 - 20*q - 27*q. Let n be f(3). Let u be 16/n*270/(-20). Calculate the greatest common divisor of 4 and u.
4
Let z(c) = c**2 + 10*c + 39. Let b be z(-7). Suppose -2*h = 14*n - b*n - 294, -3*h + 426 = -n. Calculate the greatest common divisor of 235 and h.
47
Let a = 485 + -477. Let y be 1/(-1)*(0 + 4) + a. Calculate the greatest common divisor of 12 and y.
4
Let s = 1394 + 856. Calculate the highest common divisor of 30 and s.
30
Let q be -3 - ((-4)/(-2) + -15). Suppose -1820 = -14*m + m. Suppose -35*g + m = -33*g. Calculate the greatest common factor of q and g.
10
Let k = -21 + 24. Let g(d) = -4*d + 19. Let b be g(k). Let m(i) = -i**3 + 11*i**2 - 30*i + 15. Let n be m(b). What is the greatest common divisor of n and 1?
1
Suppose -2 - 78 = -4*p. Suppose -248 = -7*u + 580 - 128. Calculate the highest common factor of u and p.
20
Let s(w) = 4*w**3 + w**2 + 2*w + 1. Let k be s(-1). Let g be (54/k)/(36/(-48)). What is the greatest common factor of g and 63?
9
Let u(z) = -78*z - 5608. Let h be u(-81). Calculate the highest common divisor of 1207 and h.
71
Suppose 10*q - 5*q - 40 = 0. Let g be (-2)/(-7)*7/2. Let b be (g - 4) + (-1 - 0) + 10. What is the greatest common factor of q and b?
2
Let v(k) = k**2 + 5*k + 2. Suppose 45 - 15 = -6*q. Let a be v(q). Let p be (22/6)/(a/66). Calculate the highest common factor of 11 and p.
11
Suppose 3*y + 27*c - 26*c = 3550, 4*c = y - 1205. What is the greatest common divisor of 105 and y?
15
Let i(p) = -p**3 + 5*p**2 + 2*p - 8. Let y be i(5). Suppose 241 = -y*g + 673. Calculate the highest common divisor of 9 and g.
9
Let h = 23066 + -19650. Calculate the greatest common factor of 728 and h.
56
Let u = 16868 - -257. What is the highest common factor of u and 125?
125
Sup